ands digit of 481685?
8
What is the millions digit of 15841126?
5
What is the thousands digit of 1618604?
8
What is the tens digit of 7353392?
9
What is the hundreds digit of 814998?
9
What is the hundred thousands digit of 178123?
1
What is the ten millions digit of 10289560?
1
What is the units digit of 163440?
0
What is the units digit of 3240753?
3
What is the ten thousands digit of 3473367?
7
What is the thousands digit of 406327?
6
What is the units digit of 937156?
6
What is the tens digit of 7277085?
8
What is the ten thousands digit of 2764935?
6
What is the hundred thousands digit of 2467908?
4
What is the units digit of 4388395?
5
What is the thousands digit of 81889?
1
What is the hundreds digit of 3477423?
4
What is the hundred thousands digit of 1411479?
4
What is the thousands digit of 205609?
5
What is the hundred thousands digit of 181619?
1
What is the units digit of 225543?
3
What is the thousands digit of 4676388?
6
What is the hundred thousands digit of 406041?
4
What is the tens digit of 9589341?
4
What is the thousands digit of 1440542?
0
What is the ten thousands digit of 189772?
8
What is the units digit of 7717719?
9
What is the thousands digit of 823215?
3
What is the hundreds digit of 41428?
4
What is the hundred thousands digit of 8232401?
2
What is the tens digit of 37500709?
0
What is the hundred thousands digit of 15245995?
2
What is the tens digit of 6036047?
4
What is the tens digit of 13019580?
8
What is the millions digit of 1232830?
1
What is the tens digit of 380594?
9
What is the units digit of 1913966?
6
What is the hundreds digit of 568928?
9
What is the hundred thousands digit of 174589?
1
What is the ten thousands digit of 2312680?
1
What is the units digit of 9556024?
4
What is the hundred thousands digit of 14130136?
1
What is the units digit of 9613073?
3
What is the thousands digit of 792178?
2
What is the hundred thousands digit of 4708547?
7
What is the hundred thousands digit of 3190971?
1
What is the thousands digit of 1877953?
7
What is the ten thousands digit of 28757?
2
What is the hundreds digit of 293753?
7
What is the tens digit of 4585252?
5
What is the millions digit of 1671130?
1
What is the tens digit of 475646?
4
What is the tens digit of 5898?
9
What is the hundreds digit of 296662?
6
What is the millions digit of 2988463?
2
What is the millions digit of 16895791?
6
What is the thousands digit of 4201236?
1
What is the ten millions digit of 18737325?
1
What is the hundred thousands digit of 27128045?
1
What is the ten thousands digit of 13007853?
0
What is the thousands digit of 4093481?
3
What is the millions digit of 7908553?
7
What is the units digit of 7466829?
9
What is the hundreds digit of 286384?
3
What is the millions digit of 1516130?
1
What is the ten thousands digit of 2291013?
9
What is the ten thousands digit of 2763011?
6
What is the tens digit of 4064219?
1
What is the hundreds digit of 2153015?
0
What is the hundred thousands digit of 5688968?
6
What is the units digit of 1195633?
3
What is the tens digit of 913264?
6
What is the hundreds digit of 48636?
6
What is the thousands digit of 5698720?
8
What is the thousands digit of 4257665?
7
What is the units digit of 908818?
8
What is the millions digit of 1636946?
1
What is the ten thousands digit of 1392598?
9
What is the tens digit of 2669833?
3
What is the units digit of 76655?
5
What is the ten thousands digit of 125669?
2
What is the millions digit of 11405187?
1
What is the ten thousands digit of 122864?
2
What is the thousands digit of 30293661?
3
What is the hundred thousands digit of 215235?
2
What is the ten thousands digit of 363452?
6
What is the hundreds digit of 4356921?
9
What is the hundred thousands digit of 24111142?
1
What is the units digit of 4777017?
7
What is the hundred thousands digit of 916434?
9
What is the hundreds digit of 1360493?
4
What is the units digit of 175862?
2
What is the hundreds digit of 123275?
2
What is the hundreds digit of 105207?
2
What is the tens digit of 3454050?
5
What is the hundred thousands digit of 1519657?
5
What is the hundred thousands digit of 3473237?
4
What is the hundreds digit of 890252?
2
What is the thousands digit of 64863?
4
What is the hundred thousands digit of 18300288?
3
What is the hundreds digit of 788031?
0
What is the units digit of 79987?
7
What is the ten millions digit of 12297376?
1
What is the thousands digit of 2865604?
5
What is the millions digit of 6139329?
6
What is the hundreds digit of 371465?
4
What is the units digit of 671468?
8
What is the hundreds digit of 555873?
8
What is the thousands digit of 3620930?
0
What is the hundreds digit of 12742883?
8
What is the units digit of 172?
2
What is the units digit of 649551?
1
What is the millions digit of 3950547?
3
What is the thousands digit of 1166071?
6
What is the hundred thousands digit of 126061?
1
What is the thousands digit of 185793?
5
What is the millions digit of 5185883?
5
What is the hundreds digit of 17984578?
5
What is the units digit of 338275?
5
What is the units digit of 428946?
6
What is the ten thousands digit of 1170348?
7
What is the tens digit of 236490?
9
What is the thousands digit of 3945308?
5
What is the units digit of 4278383?
3
What is the tens digit of 619200?
0
What is the units digit of 626232?
2
What is the thousands digit of 510599?
0
What is the hundreds digit of 10175164?
1
What is the ten thousands digit of 139289?
3
What is the hundreds digit of 2522896?
8
What is the units digit of 614493?
3
What is the hundred thousands digit of 1516021?
5
What is the hundred thousands digit of 12748086?
7
What is the millions digit of 2061492?
2
What is the units digit of 462417?
7
What is the tens digit of 12363843?
4
What is the units digit of 136061?
1
What is the ten thousands digit of 94162?
9
What is the units digit of 2627877?
7
What is the hundred thousands digit of 1576665?
5
What is the thousands digit of 197167?
7
What is the ten thousands digit of 648036?
4
What is the units digit of 1145079?
9
What is the hundred thousands digit of 540262?
5
What is the tens digit of 18381?
8
What is the tens digit of 11811193?
9
What is the hundreds digit of 858519?
5
What is the hundred thousands digit of 357924?
3
What is the thousands digit of 473982?
3
What is the units digit of 2880207?
7
What is the thousands digit of 151772?
1
What is the tens digit of 14931438?
3
What is the ten thousands digit of 1399156?
9
What is the millions digit of 7967166?
7
What is the millions digit of 1405880?
1
What is the hundreds digit of 2249191?
1
What is the ten thousands digit of 164469?
6
What is the units digit of 6386811?
1
What is the thousands digit of 510464?
0
What is the ten thousands digit of 1519263?
1
What is the millions digit of 1421695?
1
What is the ten thousands digit of 6226438?
2
What is the thousands digit of 3657475?
7
What is the tens digit of 611283?
8
What is the ten thousands digit of 15357239?
5
What is the ten thousands digit of 4513384?
1
What is the hundred thousands digit of 6210127?
2
What is the thousands digit of 12584?
2
What is the ten thousands digit of 2330050?
3
What is the hundred thousands digit of 7609002?
6
What is the millions digit of 30342044?
0
What is the ten thousands digit of 212984?
1
What is the ten thousands digit of 7200136?
0
What is the units digit of 79373?
3
What is the units digit of 24912769?
9
What is the units digit of 1296094?
4
What is the ten thousands digit of 126319?
2
What is the ten thousands digit of 4735819?
3
What is the ten thousands digit of 6879574?
7
What is the ten thousands digit of 86620?
8
What is the ten thousands digit of 77829?
7
What is the units digit of 74752?
2
What is the ten thousands digit of 20115122?
1
What is the ten thousands digit of 3464766?
6
What is the units digit of 795766?
6
What is the thousands digit of 113101?
3
What is the tens digit of 1857945?
4
What is the tens digit of 1853109?
0
What is the ten thousands digit of 180922?
8
What is the units digit of 413615?
5
What is the tens digit of 7636190?
9
What is the ten thousands digit of 352939?
5
What is the units digit of 346534?
4
What is the units digit of 669635?
5
What is the hundreds digit of 23751965?
9
What i